{"id":13,"date":"2017-05-04T15:49:44","date_gmt":"2017-05-04T15:49:44","guid":{"rendered":"https:\/\/www.asobilca.org\/escritoscreativos\/?page_id=13"},"modified":"2022-01-12T15:52:24","modified_gmt":"2022-01-12T15:52:24","slug":"home","status":"publish","type":"page","link":"https:\/\/www.asobilca.org\/escritoscreativos\/","title":{"rendered":"Home"},"content":{"rendered":"<p>\r\n<section class=\"pos-r is-parallax  \"  id=\"shortcode-9513f8abdb67cce498fdcedd8ccc692d\" >\r\n\t\t<div class=\"fw-container-full is-matchheight-container\">\r\n\t\t<div class=\"fw-row\">\r\n\t\t\t<div id=\"shortcode-3585e0c945181bb7348d3b70519d8d9e\" class=\"fw-col-xs-12 fw-col-sm-12 fw-col-md-4 text-left \" >\r\n\t<div class=\"SpecialHeading fw-heading  text-left mt-20 mb-60  is-wow fadeInLeft\" id=\"shortcode-c6248e4ee380a3d6a0f11545ab65ba16\" data-wow-delay=\"0s\">\r\n\t\t\t\t\t<h1 class=\"special-title special-heading-letter\">Escritos Creativos<\/h1>\t\t<div class=\"special-subtitle\">Agradecimientos<\/div>\r\n\t<\/div>\r\n\r\n<div class=\"TextBlock  is-wow fadeInLeft\" id=\"shortcode-17d4cda93a98fdf651ed476a56cb8ff2\" data-wow-delay=\"0s\">\r\n\t<p><em><span class=\"ng-directive ng-binding\">Ning\u00fan libro se gesta solo. Todo acto de creaci\u00f3n se yergue, sobre o en contra, de las obras que lo precedieron. As\u00ed mismo, un trabajo de publicaci\u00f3n se gesta sobre todos aquellos que crearon, pero tambi\u00e9n sobre todos aquellos que hicieron posible la creaci\u00f3n.<\/span><\/em><\/p><\/div>\r\n\r\n<div class=\"spacer \" id=\"shortcode-3ac401422609949163026c57331f8cf1\"><\/div><\/div>\r\n\t\t<\/div>\r\n\t<\/div>\r\n\t<\/section>\r\n\r\n<section class=\"pos-r is-parallax  \"  id=\"shortcode-ec4beeeec43996049ee8862f226baecb\" >\r\n\t\t<div class=\"fw-container-full is-matchheight-container\">\r\n\t\t<div class=\"fw-row\">\r\n\t\t\t<div class=\"SpecialHeading fw-heading  text-center mt-20 mb-60  is-wow fadeInLeft\" id=\"shortcode-d0c513a5489f987351b60e5c82384e8e\" data-wow-delay=\"0s\">\r\n\t\t\t\t\t<h3 class=\"special-title special-heading-letter\">EDICI\u00d3N 2021: VIAJE A LOS ELEMENTOS<\/h3>\t<\/div><div id=\"shortcode-a829f6b183218821aba61815c1d7b570\" class=\"fw-col-xs-12 fw-col-md-2 text-left \" >\r\n\t<\/div>\r\n<div id=\"shortcode-aa2156bc7e187e57bd0f8dd83043ff67\" class=\"fw-col-xs-12 fw-col-sm-12 fw-col-md-4 text-left \" >\r\n\t\r\n\r\n<div class=\"TextBlock  is-wow fadeInLeft\" id=\"shortcode-7ac15d92a91bb65405c09c2c16430d73\" data-wow-delay=\"0s\">\r\n\t<p>Descorrimos los cerrojos lentamente aun con la desconfianza de que el monstruoso bicho estuviera agazapado detr\u00e1s de nuestras puertas, echamos un vistazo hacia los lados, buscando lo invisible hasta donde alcanzara la mirada, algunos con m\u00e1s fe que otros, los dem\u00e1s, con difidencia; dimos entonces los primeros pasos hacia la incertidumbre, con los tapabocas en los ojos, con la bondadosa ceguera del misterio sobre el templado tapiz de los miedos, as\u00ed dimos los primeros pasos, pero al inicio, solo estaba el pasado con su virulenta carga y hacia \u00e9l camin\u00e1bamos...<\/p><\/div><\/div>\r\n<div id=\"shortcode-d51080f60b177662e2b824df68440e08\" class=\"fw-col-xs-12 fw-col-sm-12 fw-col-md-4 text-left \" >\r\n\t\r\n\r\n<div class=\"TextBlock  is-wow fadeInLeft\" id=\"shortcode-7e09306277d855a7b98e97f9688c3ba9\" data-wow-delay=\"0s\">\r\n\t<p>Luego fue el viaje y con \u00e9l, la suma de los pasos, de los sue\u00f1os, de las inciertas certidumbres y los t\u00edmidos reencuentros, despu\u00e9s estuvo el arte, salv\u00e1ndonos de nuevo con su fluir de aguas (las turbias y las transparentes), su \u00edmpetu de fuego (el que arrasa y el que depura), con la locura del aire (la que condena y la que libera), y con la firmeza de la tierra (la del temblor y la del equilibrio). As\u00ed se inici\u00f3 este viaje, tal vez porque no hab\u00eda caminos, y debimos volver, de alg\u00fan modo, a los inicios, por los senderos esenciales de nuestras b\u00fasquedas, caminando de nuevo hacia los elementos, quiz\u00e1s, hacia nosotros mismos.<\/p><\/div><\/div>\r\n<div id=\"shortcode-f9324461364d45c6bee037b5edc8f88c\" class=\"fw-col-xs-12 fw-col-md-2 text-left \" >\r\n\t<\/div>\r\n<div id=\"shortcode-1fbed27a305c75783880f29e2f8bef0e\" class=\"fw-col-xs-12 fw-col-md-2 text-left \" >\r\n\t<\/div>\r\n<div id=\"shortcode-615550b838db660d38fc47057c50ab68\" class=\"fw-col-xs-12 fw-col-md-2 text-center \" >\r\n\t<a href=\"https:\/\/www.asobilca.org\/escritoscreativos\/agua\/\" target=\"_self\" ><img src=\"https:\/\/www.asobilca.org\/escritoscreativos\/wp-content\/uploads\/2022\/01\/ICONOS-ELEMENTOS-04_min-350x350.webp\" alt=\"https:\/\/www.asobilca.org\/escritoscreativos\/wp-content\/uploads\/2022\/01\/ICONOS-ELEMENTOS-04_min-350x350.webp\" class=\" \" data-wow-delay=\"\" width=\"350\" height=\"350\" \/><\/a>\r\n\r\n\t\t<a href=\"https:\/\/www.asobilca.org\/escritoscreativos\/agua\/\" target=\"_self\" class=\"shortcode-button btn btn-normal  \" id=\"shortcode-fe8f9cf1a04c40d6a670a7199e1504c5\" >\r\n\t\t<span>Agua<\/span>\r\n\t<\/a>\r\n\r\n<\/div>\r\n<div id=\"shortcode-967492fe8df686e4ab11681387c89d1c\" class=\"fw-col-xs-12 fw-col-md-2 text-center \" >\r\n\t<a href=\"https:\/\/www.asobilca.org\/escritoscreativos\/aire\/\" target=\"_self\" ><img src=\"https:\/\/www.asobilca.org\/escritoscreativos\/wp-content\/uploads\/2022\/01\/ICONOS-ELEMENTOS-01_min-350x350.webp\" alt=\"https:\/\/www.asobilca.org\/escritoscreativos\/wp-content\/uploads\/2022\/01\/ICONOS-ELEMENTOS-01_min-350x350.webp\" class=\" \" data-wow-delay=\"\" width=\"350\" height=\"350\" \/><\/a>\r\n\r\n\t\t<a href=\"https:\/\/www.asobilca.org\/escritoscreativos\/aire\/\" target=\"_self\" class=\"shortcode-button btn btn-normal  \" id=\"shortcode-5fb0e8dc8b7801f81c4bc087a01f6f6d\" >\r\n\t\t<span>Aire<\/span>\r\n\t<\/a>\r\n\r\n<\/div>\r\n<div id=\"shortcode-be6547ba04b574b2ac237ddf233760b9\" class=\"fw-col-xs-12 fw-col-md-2 text-center \" >\r\n\t<a href=\"https:\/\/www.asobilca.org\/escritoscreativos\/fuego\/\" target=\"_self\" ><img src=\"https:\/\/www.asobilca.org\/escritoscreativos\/wp-content\/uploads\/2022\/01\/ICONOS-ELEMENTOS-02_min-350x350.webp\" alt=\"https:\/\/www.asobilca.org\/escritoscreativos\/wp-content\/uploads\/2022\/01\/ICONOS-ELEMENTOS-02_min-350x350.webp\" class=\" \" data-wow-delay=\"\" width=\"350\" height=\"350\" \/><\/a>\r\n\r\n\t\t<a href=\"https:\/\/www.asobilca.org\/escritoscreativos\/fuego\/\" target=\"_self\" class=\"shortcode-button btn btn-normal  \" id=\"shortcode-57790d1c879cc7305dba9ed6760c242f\" >\r\n\t\t<span>Fuego<\/span>\r\n\t<\/a>\r\n\r\n<\/div>\r\n<div id=\"shortcode-516450a5c7a0f6b768a8f6b17b212fc4\" class=\"fw-col-xs-12 fw-col-md-2 text-center \" >\r\n\t<a href=\"https:\/\/www.asobilca.org\/escritoscreativos\/tierra\/\" target=\"_self\" ><img src=\"https:\/\/www.asobilca.org\/escritoscreativos\/wp-content\/uploads\/2022\/01\/ICONOS-ELEMENTOS-03_min-350x350.webp\" alt=\"https:\/\/www.asobilca.org\/escritoscreativos\/wp-content\/uploads\/2022\/01\/ICONOS-ELEMENTOS-03_min-350x350.webp\" class=\" \" data-wow-delay=\"\" width=\"350\" height=\"350\" \/><\/a>\r\n\r\n\t\t<a href=\"https:\/\/www.asobilca.org\/escritoscreativos\/tierra\/\" target=\"_self\" class=\"shortcode-button btn btn-normal  \" id=\"shortcode-8c039c54c5eec60c0b90438b818ac676\" >\r\n\t\t<span>Tierra<\/span>\r\n\t<\/a>\r\n\r\n<\/div>\r\n<div id=\"shortcode-0f6bbc7776e867e58aae0c74d29ae4e6\" class=\"fw-col-xs-12 fw-col-md-2 text-left \" >\r\n\t<\/div>\r\n\t\t<\/div>\r\n\t<\/div>\r\n\t<\/section>\r\n\r\n\t<div id=\"participantes\"><\/div>\r\n<section class=\"pos-r is-parallax  \"  id=\"shortcode-34d1a51fa90b6f7d4a6f54deb20f35cf\" >\r\n\t\t<div class=\"fw-container-full is-matchheight-container\">\r\n\t\t<div class=\"fw-row\">\r\n\t\t\t<div class=\"SpecialHeading fw-heading  text-center mt-20 mb-60  is-wow fadeInLeft\" id=\"shortcode-2c55ee870ba735ee0fb80e4f23bc8268\" data-wow-delay=\"0s\">\r\n\t\t\t\t\t<h3 class=\"special-title special-heading-letter\">COLEGIOS PARTICIPANTES<\/h3>\t<\/div><div id=\"shortcode-c4569bfc3871ce57e1d7e76fd00c1f58\" class=\"fw-col-xs-12 fw-col-md-2 text-left \" >\r\n\t<\/div>\r\n<div id=\"shortcode-575fcaa096277793248574e88db36236\" class=\"fw-col-xs-12 fw-col-md-2 text-left \" >\r\n\t<img src=\"https:\/\/www.asobilca.org\/escritoscreativos\/wp-content\/uploads\/2022\/01\/LOGOS-COLEGIOS-01_min-350x350.webp\" alt=\"https:\/\/www.asobilca.org\/escritoscreativos\/wp-content\/uploads\/2022\/01\/LOGOS-COLEGIOS-01_min-350x350.webp\" class=\" \" data-wow-delay=\"\" width=\"350\" height=\"350\" \/><\/div>\r\n<div id=\"shortcode-6cccdc9098a6b1a36af00d7a359d4e20\" class=\"fw-col-xs-12 fw-col-md-2 text-left \" >\r\n\t<img src=\"https:\/\/www.asobilca.org\/escritoscreativos\/wp-content\/uploads\/2022\/01\/LOGOS-COLEGIOS-02_min-350x350.webp\" alt=\"https:\/\/www.asobilca.org\/escritoscreativos\/wp-content\/uploads\/2022\/01\/LOGOS-COLEGIOS-02_min-350x350.webp\" class=\" \" data-wow-delay=\"\" width=\"350\" height=\"350\" \/><\/div>\r\n<div id=\"shortcode-4c21052a1eb847e68a88766f8a6e9c38\" class=\"fw-col-xs-12 fw-col-md-2 text-left \" >\r\n\t<img src=\"https:\/\/www.asobilca.org\/escritoscreativos\/wp-content\/uploads\/2022\/01\/LOGOS-COLEGIOS-03_min-350x350.webp\" alt=\"https:\/\/www.asobilca.org\/escritoscreativos\/wp-content\/uploads\/2022\/01\/LOGOS-COLEGIOS-03_min-350x350.webp\" class=\" \" data-wow-delay=\"\" width=\"350\" height=\"350\" \/><\/div>\r\n<div id=\"shortcode-29ed9fbdab43fea71887b4bfaab2bf4c\" class=\"fw-col-xs-12 fw-col-md-2 text-left \" >\r\n\t<img src=\"https:\/\/www.asobilca.org\/escritoscreativos\/wp-content\/uploads\/2022\/01\/LOGOS-COLEGIOS-04_min-350x350.webp\" alt=\"https:\/\/www.asobilca.org\/escritoscreativos\/wp-content\/uploads\/2022\/01\/LOGOS-COLEGIOS-04_min-350x350.webp\" class=\" \" data-wow-delay=\"\" width=\"350\" height=\"350\" \/><\/div>\r\n<div id=\"shortcode-c504e55dd81065f16ec213063c35064a\" class=\"fw-col-xs-12 fw-col-md-2 text-left \" >\r\n\t<\/div>\r\n<div id=\"shortcode-b22c0a13f26967497573fd0e0f58f843\" class=\"fw-col-xs-12 fw-col-md-2 text-left \" >\r\n\t<\/div>\r\n<div id=\"shortcode-8bbc817d5b1a3e321dc8ae7632dbf7f8\" class=\"fw-col-xs-12 fw-col-md-2 text-left \" >\r\n\t<img src=\"https:\/\/www.asobilca.org\/escritoscreativos\/wp-content\/uploads\/2022\/01\/LOGOS-COLEGIOS-05_min-350x350.webp\" alt=\"https:\/\/www.asobilca.org\/escritoscreativos\/wp-content\/uploads\/2022\/01\/LOGOS-COLEGIOS-05_min-350x350.webp\" class=\" \" data-wow-delay=\"\" width=\"350\" height=\"350\" \/><\/div>\r\n<div id=\"shortcode-adc8bb172807d382714ffce0f57da1e4\" class=\"fw-col-xs-12 fw-col-md-2 text-left \" >\r\n\t<img src=\"https:\/\/www.asobilca.org\/escritoscreativos\/wp-content\/uploads\/2022\/01\/LOGOS-COLEGIOS-06_min-350x350.webp\" alt=\"https:\/\/www.asobilca.org\/escritoscreativos\/wp-content\/uploads\/2022\/01\/LOGOS-COLEGIOS-06_min-350x350.webp\" class=\" \" data-wow-delay=\"\" width=\"350\" height=\"350\" \/><\/div>\r\n<div id=\"shortcode-8e382986e09f162b4d6fd0f28bffbaf9\" class=\"fw-col-xs-12 fw-col-md-2 text-left \" >\r\n\t<img src=\"https:\/\/www.asobilca.org\/escritoscreativos\/wp-content\/uploads\/2022\/01\/LOGOS-COLEGIOS-07_min-350x350.webp\" alt=\"https:\/\/www.asobilca.org\/escritoscreativos\/wp-content\/uploads\/2022\/01\/LOGOS-COLEGIOS-07_min-350x350.webp\" class=\" \" data-wow-delay=\"\" width=\"350\" height=\"350\" \/><\/div>\r\n<div id=\"shortcode-8807732d1afe5735def03585d8f1a204\" class=\"fw-col-xs-12 fw-col-md-2 text-left \" >\r\n\t<\/div>\r\n<div id=\"shortcode-694b2001215758484b474b40ed4957bb\" class=\"fw-col-xs-12 fw-col-md-2 text-left \" >\r\n\t<\/div>\r\n\t\t<\/div>\r\n\t<\/div>\r\n\t<\/section>\r\n\r\n<section class=\"pos-r section-light is-parallax  \"  id=\"shortcode-48aa507feeb9885f45a8287febaa1ce8\" >\r\n\t\t\t<div class=\"overlay-color\"><\/div>\r\n\t\t<div class=\"fw-container-full\">\r\n\t\t<div class=\"fw-row\">\r\n\t\t\t<div id=\"shortcode-eaf2fe78505e0661d66d4a3bdebe927b\" class=\"fw-col-xs-12 fw-col-sm-12 fw-col-md-6 text-left \" >\r\n\t<\/div>\r\n<div id=\"shortcode-6e1b85405ac1f4128bc67cbebe42cd17\" class=\"fw-col-xs-12 fw-col-sm-12 fw-col-md-6 text-center \" >\r\n\t<div class=\"SpecialHeading fw-heading  text-center mt-20 mb-60  is-wow fadeInUp\" id=\"shortcode-5d5f105a9623858a328fb55458b91736\" data-wow-delay=\"0s\">\r\n\t\t\t\t\t<h6 class=\"special-title special-heading-letter\">Sue\u00f1os<\/h6>\t\t<div class=\"special-subtitle\">Edici\u00f3n 2018<\/div>\r\n\t<\/div>\r\n\r\n\t\t<a href=\"https:\/\/www.asobilca.org\/escritoscreativos\/2018\/\" target=\"_blank\" class=\"shortcode-button btn btn-color  is-wow flipInX\" id=\"shortcode-78834c4c22c24a9eda6fad375a2d0ce4\" data-wow-delay=\"0.2s\">\r\n\t\t<span>VER M\u00c1S<\/span>\r\n\t<\/a>\r\n\r\n<\/div>\r\n\t\t<\/div>\r\n\t<\/div>\r\n\t<\/section>\r\n<\/p>\n","protected":false},"excerpt":{"rendered":"<p>Escritos Creativos Agradecimientos Ning\u00fan libro se gesta solo. Todo acto de creaci\u00f3n se yergue, sobre o en contra, de las obras que lo precedieron. As\u00ed mismo, un trabajo de publicaci\u00f3n se gesta sobre todos aquellos que crearon, pero tambi\u00e9n sobre todos aquellos que hicieron posible la creaci\u00f3n. EDICI\u00d3N 2021: VIAJE A LOS ELEMENTOS Descorrimos los&#8230;<\/p>\n","protected":false},"author":1,"featured_media":0,"parent":0,"menu_order":0,"comment_status":"closed","ping_status":"closed","template":"","meta":{"_monsterinsights_skip_tracking":false,"_monsterinsights_sitenote_active":false,"_monsterinsights_sitenote_note":"","_monsterinsights_sitenote_category":0},"_links":{"self":[{"href":"https:\/\/www.asobilca.org\/escritoscreativos\/wp-json\/wp\/v2\/pages\/13"}],"collection":[{"href":"https:\/\/www.asobilca.org\/escritoscreativos\/wp-json\/wp\/v2\/pages"}],"about":[{"href":"https:\/\/www.asobilca.org\/escritoscreativos\/wp-json\/wp\/v2\/types\/page"}],"author":[{"embeddable":true,"href":"https:\/\/www.asobilca.org\/escritoscreativos\/wp-json\/wp\/v2\/users\/1"}],"replies":[{"embeddable":true,"href":"https:\/\/www.asobilca.org\/escritoscreativos\/wp-json\/wp\/v2\/comments?post=13"}],"version-history":[{"count":244,"href":"https:\/\/www.asobilca.org\/escritoscreativos\/wp-json\/wp\/v2\/pages\/13\/revisions"}],"predecessor-version":[{"id":1168,"href":"https:\/\/www.asobilca.org\/escritoscreativos\/wp-json\/wp\/v2\/pages\/13\/revisions\/1168"}],"wp:attachment":[{"href":"https:\/\/www.asobilca.org\/escritoscreativos\/wp-json\/wp\/v2\/media?parent=13"}],"curies":[{"name":"wp","href":"https:\/\/api.w.org\/{rel}","templated":true}]}}